mber?
False
Is 754009 a composite number?
True
Is 61337591 prime?
False
Is 2388059 a prime number?
True
Is 40351 a composite number?
False
Is 1559589 a composite number?
True
Is 2715655 a prime number?
False
Is 112668473 a composite number?
True
Is 2441191 prime?
False
Is 771267727 composite?
False
Is 803383 composite?
True
Is 404825731 prime?
True
Is 8866841 composite?
True
Is 198266353 prime?
True
Is 12420917 composite?
False
Is 3677237 prime?
False
Is 724547 a prime number?
True
Is 55602361 composite?
False
Is 19203179 prime?
True
Is 20110087 a composite number?
False
Is 22614197 composite?
False
Is 29750353 a composite number?
False
Is 2429177 a composite number?
False
Is 9340171 a composite number?
False
Is 108149263 prime?
False
Is 3279505 a prime number?
False
Is 245613271 prime?
True
Is 41379421 a prime number?
False
Is 7668671 a prime number?
True
Is 8857379 a composite number?
False
Is 22496371 a composite number?
True
Is 14389009 prime?
True
Is 28928233 composite?
False
Is 801269 a composite number?
True
Is 48837527 composite?
False
Is 144719 composite?
False
Is 28921 composite?
False
Is 52044413 a composite number?
False
Is 5050471 composite?
False
Is 120734767 composite?
False
Is 18788837 a composite number?
False
Is 1011207 a composite number?
True
Is 4042601 a prime number?
True
Is 3976715 prime?
False
Is 1198803 composite?
True
Is 10246807 prime?
True
Is 175481 composite?
False
Is 2770221 a composite number?
True
Is 785482643 composite?
True
Is 1335157 a prime number?
True
Is 4066007 prime?
False
Is 44807521 a composite number?
True
Is 279001 prime?
True
Is 206470247 a prime number?
True
Is 16637317 composite?
False
Is 9269329 a composite number?
True
Is 1313334601 prime?
True
Is 3440557 prime?
False
Is 8132281 a prime number?
True
Is 8325301 a prime number?
False
Is 233646761 a prime number?
True
Is 9244577 a prime number?
True
Is 1337563 composite?
False
Is 938279 a composite number?
False
Is 3103409 composite?
False
Is 162478051 composite?
False
Is 18853895 a composite number?
True
Is 3271031 prime?
True
Is 12095417 a prime number?
True
Is 17174933 a composite number?
False
Is 13455969 prime?
False
Is 29975911 composite?
True
Is 8080441 prime?
True
Is 1477267469 composite?
True
Is 748861 a prime number?
True
Is 1639382 a prime number?
False
Is 971461 prime?
False
Is 15014031 a prime number?
False
Is 1132349 a prime number?
False
Is 5877551 prime?
True
Is 2352269 composite?
False
Is 5305961 composite?
False
Is 169913245 composite?
True
Is 105638941 composite?
False
Is 10740677 a composite number?
False
Is 9769505 composite?
True
Is 551651 a composite number?
False
Is 867521491 a composite number?
True
Is 1839173 composite?
True
Is 4269431 a prime number?
False
Is 22658347 a prime number?
True
Is 1090708133 a prime number?
True
Is 48376011 prime?
False
Is 6322259 composite?
False
Is 287137 prime?
True
Is 5038171 a composite number?
True
Is 122722697 composite?
False
Is 145563211 a prime number?
True
Is 1262011 a prime number?
True
Is 68759881 prime?
False
Is 1480711 a prime number?
False
Is 68479357 prime?
False
Is 26952641 composite?
False
Is 29312323 a composite number?
True
Is 592321 prime?
True
Is 86660629 a prime number?
False
Is 3752531 a prime number?
True
Is 690089 a prime number?
True
Is 79045331 a prime number?
True
Is 4153067 composite?
False
Is 5787247 prime?
True
Is 572963 prime?
True
Is 29579917 prime?
True
Is 25289467 prime?
False
Is 1467809 a composite number?
True
Is 16223443 composite?
False
Is 3433511 composite?
False
Is 3545891 a prime number?
False
Is 15467809 prime?
False
Is 3916585 prime?
False
Is 108482369 composite?
False
Is 29798887 a prime number?
True
Is 63952151 prime?
False
Is 41175397 prime?
True
Is 337123333 prime?
True
Is 12449101 a composite number?
True
Is 299513 composite?
False
Is 212026 composite?
True
Is 722549821 a composite number?
True
Is 9591233 a prime number?
False
Is 354808847 prime?
True
Is 825047 a composite number?
False
Is 413830663 a composite number?
True
Is 101206702 prime?
False
Is 114651751 prime?
True
Is 724721 composite?
False
Is 331419311 a composite number?
True
Is 383447 composite?
True
Is 1531265 composite?
True
Is 81154519 composite?
False
Is 18849973 composite?
False
Is 3689311 a prime number?
True
Is 313157597 composite?
False
Is 67821997 composite?
False
Is 27484481 composite?
False
Is 7684169 a composite number?
False
Is 11113139 composite?
True
Is 10541315 prime?
False
Is 32313761 a composite number?
False
Is 18751433 composite?
False
Is 736781 composite?
True
Is 57433591 a composite number?
True
Is 2366939 a composite number?
False
Is 479933 a composite number?
True
Is 6708199 a composite number?
False
Is 135762173 a prime number?
True
Is 168562151 a prime number?
False
Is 105035969 a composite number?
False
Is 90133979 prime?
False
Is 7689079 a prime number?
False
Is 1105411 a composite number?
True
Is 20887247 a prime number?
False
Is 11447413 composite?
True
Is 49045019 composite?
False
Is 32232589 prime?
True
Is 5752247 a composite number?
False
Is 49290377 composite?
True
Is 65621 composite?
True
Is 137149498 composite?
True
Is 18595613 a composite number?
True
Is 101343461 prime?
True
Is 19262489 a composite number?
False
Is 23863703 prime?
True
Is 35314 a prime number?
False
Is 157851029 composite?
True
Is 44562103 prime?
False
Is 174660419 a composite number?
False
Is 2033678 a prime number?
False
Is 7648031 prime?
True
Is 59442907 prime?
False
Is 994751 a composite number?
False
Is 10402037 prime?
True
Is 479419 a prime number?
True
Is 1509779 a prime number?
True
Is 425174257 a composite number?
True
Is 6404429 a composite number?
True
Is 12601749 composite?
True
Is 56654089 a prime number?
True
Is 24300197 a prime number?
True
Is 2821697 composite?
True
Is 5292907 prime?
True
Is 2144437 composite?
False
Is 1690789 composite?
True
Is 1504765 a composite number?
True
Is 32979503 a composite number?
False
Is 24000037 a composite number?
False
Is 11497523 composite?
False
Is 325475673 a composite number?
True
Is 63415259 a prime number?
False
Is 4551439 prime?
True
Is 732673 a prime number?
True
Is 4993963 a composite number?
True
Is 696479 a prime number?
False
Is 284831399 composite?
False
Is 32695543 prime?
True
Is 137477 prime?
True
Is 6189341 a composite number?
False
Is 6766667 prime?
True
Is 1761263 prime?
False
Is 24953983 a composite number?
False
Is 601417 a composite number?
True
Is 4275637 a prime number?
False
Is 26871595 a composite number?
True
Is 1866493 prime?
False
Is 69593659 a composite number?
False
Is 9633695 a prime number?
False
Is 169784313 a prime number?
False
Is 22072153 prime?
False
Is 41554223 prime?
True
Is 8585837 a prime number?
False
Is 1832947 prime?
True
Is 13499611 a composite number?
False
Is 13564427 a composite number?
False
Is 46413203 composite?
False
Is 167149 a composite number?
False
Is 213181187 composite?
False
Is 10078451 a composite number?
False
Is 539369501 prime?
False
Is 13870869 a prime number?
False
Is 24395243 a composite number?
False
Is 34466033 composite?
True
Is 4227897 composite?
True
Is 30124949 prime?
True
Is 11753858 a composite number?
True
Is 1822861 prime?
False
Is 44993909 prime?
True
Is 10912633 composite?
False
Is 90421 a composite number?
True
Is 116155639 composite?
False
Is 69183053 a prime number?
True
Is 88033787 prime?
True
Is 3024013 a prime number?
True
Is 15539127 a prime number?
False
Is 34174727 composite?
False
Is 70614239 composite?
True
Is 19759471 a prime number?
True
Is 9552689 a prime number?
True
Is 23014231 composite?
False
Is 7404497 composite?
True
Is 345600867 a composite number?
True
Is 9864421 prime?
False
Is 40946051 a prime number?
False
Is 541889 composite?
False
Is 15821587 a composite number?
False
Is 181055857 composite?
False
Is 214108507 a prime number?
False
Is 5306255 a composite number?
True
Is 7974313 composite?
True
Is 19500623 a composite number?
False
Is 814799 a composite number?
False
Is 7989551 a prime number?
False
Is 91381918 a prime number?
False
Is 201715 composite?
True
Is 5489111 prime?
False
Is 18310883 prime?
False
Is 48960127 prime?
False
Is 3059339 prime?
True
Is 876167 a prime number?
False
Is 1672787 composite?
False
Is 110301